hat is -855 + -13bb?
-1c21
In base 16, what is -1fc - 1eee?
-20ea
In base 8, what is -111 - -33717?
33606
In base 10, what is 183708 + -4098?
179610
In base 13, what is 31bb0 - 54b?
31662
In base 5, what is 1001443224202 + 4?
1001443224211
In base 2, what is 1 - 1001000110000000100000?
-1001000110000000011111
In base 2, what is 11010110001011010010001100100 - -101?
11010110001011010010001101001
In base 4, what is -33310211001 - 2?
-33310211003
In base 7, what is -413436 - -305?
-413131
In base 2, what is -100010011101110000100001 + -1?
-100010011101110000100010
In base 13, what is -58a520 - -20?
-58a500
In base 15, what is 124c71 + -8?
124c68
In base 12, what is 23 + -3042?
-301b
In base 7, what is -3406666 + -2652?
-3412651
In base 7, what is -4342 - 2666514?
-3004156
In base 5, what is 242420 + 100102?
343022
In base 14, what is -33 - -3ca5ab?
3ca578
In base 13, what is 1219a - -cc?
12299
In base 9, what is 5643 + 2247?
8001
In base 10, what is 5 + 1287287?
1287292
In base 6, what is -15150352352 + 14?
-15150352334
In base 16, what is 2d + b544c?
b5479
In base 10, what is 80617 + 79?
80696
In base 13, what is -5 - 3bb5a00?
-3bb5a05
In base 16, what is 3e + 2d46c?
2d4aa
In base 13, what is 2 - -62a2871?
62a2873
In base 4, what is -1010021110 - -1?
-1010021103
In base 10, what is -684 + 29571?
28887
In base 5, what is -1002124 + 1323?
-1000301
In base 2, what is 0 - 11100000010010110?
-11100000010010110
In base 9, what is 127083 - -10886?
138080
In base 10, what is 3478265 - 1?
3478264
In base 3, what is -1012111210222 - -11?
-1012111210211
In base 15, what is -aea9c3 + 5?
-aea9bd
In base 9, what is 816831 + 11?
816842
In base 11, what is -1738 - 58472?
-5a0aa
In base 5, what is -24403344 - 11?
-24403410
In base 6, what is 31541521 + -3?
31541514
In base 9, what is -2 + -11312436?
-11312438
In base 3, what is -121 + 20010201012?
20010200121
In base 12, what is -21294 - 939?
-22011
In base 12, what is -13a6a + 3905?
-10165
In base 16, what is -4 - -29357?
29353
In base 14, what is 7614c94 + -4?
7614c90
In base 4, what is -10 + -1012031110310?
-1012031110320
In base 13, what is 16 - -2714273?
2714289
In base 6, what is -121123 - -1013312?
452145
In base 4, what is -3103132 + -102323?
-3212121
In base 9, what is 106556 + 50?
106616
In base 8, what is 223 + 10774010?
10774233
In base 10, what is -39 + -1704602?
-1704641
In base 3, what is -122202 + -10221121012000?
-10221121211202
In base 16, what is -6a7 - 2e35?
-34dc
In base 4, what is 2 + 30033230032?
30033230100
In base 7, what is 556 + -152113?
-151224
In base 7, what is 443 - 2003346?
-2002603
In base 3, what is 211002012102 + 1221?
211002021100
In base 2, what is 110100111110000111 - -1110000?
110100111111110111
In base 12, what is -153610 + -b14?
-154524
In base 10, what is 98 - -22719?
22817
In base 3, what is -100 + 1221121120120?
1221121120020
In base 11, what is 499233 - 131a?
497a14
In base 6, what is 2351 + -2322303?
-2315512
In base 11, what is -1a063679 + 4?
-1a063675
In base 3, what is -11 + 11121220120210?
11121220120122
In base 7, what is 445406 + -56?
445320
In base 15, what is 1d + -270b5?
-27097
In base 11, what is -7 + -1a991?
-1a998
In base 8, what is -1324630 - -617?
-1324011
In base 14, what is -1b80 + 6918?
4b78
In base 13, what is 3904c4 - 1?
3904c3
In base 5, what is -103420231334 + 20?
-103420231314
In base 7, what is 502601 - -1023?
503624
In base 7, what is 1043233 + 610?
1044143
In base 14, what is -5 - -1dcd041?
1dcd03a
In base 9, what is -83 - -64112?
64018
In base 8, what is 3147 - 537433?
-534264
In base 8, what is 153 + -145342?
-145167
In base 2, what is 110111 - -111111001011100?
111111010010011
In base 14, what is -503184 + -4?
-503188
In base 15, what is -3 - 2cd?
-2d1
In base 9, what is -1 - 102505683?
-102505684
In base 6, what is 511454 + -34?
511420
In base 7, what is -1553 - 4364535?
-4366421
In base 5, what is -434012042 - 10?
-434012102
In base 8, what is -171605675 + -5?
-171605702
In base 7, what is -13 + 523210064?
523210051
In base 12, what is -1835 + -1064bb?
-108134
In base 3, what is 11 + -12200122101010112?
-12200122101010101
In base 6, what is 1505013 - -4045?
1513102
In base 4, what is 1032 + 1133123?
1200221
In base 14, what is -236 - -18d5a?
18b24
In base 14, what is 12413d1 - 1?
12413d0
In base 13, what is 41 + 1814272?
18142b3
In base 2, what is -11101111000100 - -10100010?
-11101100100010
In base 12, what is -2 - -3001593?
3001591
In base 6, what is 1355 - -154450?
200245
In base 5, what is -20 - 131033030013?
-131033030033
In base 3, what is 1220 - -1101200120011?
1101200122001
In base 15, what is -11481 + 42?
-1143e
In base 9, what is 13 + 13637715?
13637728
In base 4, what is 10 + -12330012213?
-12330012203
In base 6, what is 1520004343 + 2?
1520004345
In base 12, what is 5 - -2202a5?
2202aa
In base 2, what is 111100 + -10111011000001110111?
-10111011000000111011
In base 10, what is -1406 + 46?
-1360
In base 10, what is 134989491 - 4?
134989487
In base 11, what is 66 - 57377?
-57311
In base 3, what is 110 - 210200220210101?
-210200220202221
In base 3, what is -2121 + -101022020012111?
-101022020022002
In base 13, what is cca8c7 - 5?
cca8c2
In base 11, what is -1 + -848330?
-848331
In base 6, what is 1135 - 224433?
-223254
In base 11, what is -1958 + 131a?
-639
In base 11, what is 1164992 + 2?
1164994
In base 14, what is -2 - -3000d443?
3000d441
In base 9, what is 104 + -3087558?
-3087454
In base 11, what is 137 - 35649?
-35512
In base 8, what is 2 - -23467067?
23467071
In base 9, what is 5537 + -717?
4720
In base 11, what is -3aa04 + -122?
-40026
In base 6, what is 2 - -14251500142?
14251500144
In base 3, what is 2222202010 + -120201?
2222011102
In base 4, what is 1 + 11301302330?
11301302331
In base 3, what is 100020222010121 - -2?
100020222010200
In base 16, what is -2 + 14f400?
14f3fe
In base 13, what is b3 + 5c832b?
5c8411
In base 13, what is -225b17 + c?
-225b08
In base 12, what is -31a0 + a21?
-237b
In base 16, what is -9e9d - -222?
-9c7b
In base 14, what is -1688d40 + -6?
-1688d46
In base 3, what is 21222 + 10102102000?
10102200222
In base 11, what is -1 + -521063?
-521064
In base 2, what is 10011 - -1000101111111101001010?
1000101111111101011101
In base 8, what is 2661250265 - 2?
2661250263
In base 6, what is 1134400023 - -5?
1134400032
In base 14, what is 288db4 - -2?
288db6
In base 10, what is 70718584 - -3?
70718587
In base 8, what is -14752437 + 4?
-14752433
In base 11, what is -48a2375 - 0?
-48a2375
In base 16, what is 15f2966c - 4?
15f29668
In base 4, what is -2 - -32233031302?
32233031300
In base 3, what is -22201 - -2110222101?
2110122200
In base 10, what is -116 - 695?
-811
In base 7, what is -1121146605 - 4?
-1121146612
In base 15, what is -1597be5 + -3?
-1597be8
In base 5, what is 102 - -343010421?
343011023
In base 16, what is -1a91 - -1bd?
-18d4
In base 7, what is 3 - 40225655?
-40225652
In base 5, what is 33322231 - -22421?
33400202
In base 3, what is 1 - 100012021000110222?
-100012021000110221
In base 7, what is 16214 - 425505?
-406261
In base 2, what is 10000100 - -1110110011111000011?
1110110100001000111
In base 15, what is a23d2 - 0?
a23d2
In base 5, what is 111 - -200213032?
200213143
In base 11, what is -1 - -1a87a12?
1a87a11
In base 8, what is 3 - -32630017?
32630022
In base 4, what is -11003113 + 31?
-11003022
In base 2, what is -101 + 1111110000011111110001111001?
1111110000011111110001110100
In base 9, what is 2 + 4861772?
4861774
In base 8, what is 536705 - -333?
537240
In base 8, what is 1232720 + -16?
1232702
In base 4, what is 10031121 - 121000?
3310121
In base 3, what is -22201010 - 101111?
-100002121
In base 2, what is 10010100 - -100111110001010101101?
100111110001101000001
In base 3, what is -201102010110 + 2101?
-201102001002
In base 5, what is 13442414 - 120?
13442244
In base 10, what is 0 - 694549?
-694549
In base 7, what is -12 + -424325104?
-424325116
In base 14, what is -8 + -21677b?
-216785
In base 4, what is 110022 - 1100103012?
-1033332330
In base 16, what is 1c1 - 2445d?
-2429c
In base 4, what is 1120230303 + -110?
1120230133
In base 11, what is -21225 - -1398?
-1a938
In base 12, what is -2a0 - -5702a6?
570006
In base 14, what is dc + 8207a?
82178
In base 10, what is 2819304 + 